{"id":201,"date":"2021-02-03T15:53:26","date_gmt":"2021-02-03T13:53:26","guid":{"rendered":"https:\/\/phr-tuotteet.com\/?page_id=201"},"modified":"2024-04-17T16:56:49","modified_gmt":"2024-04-17T13:56:49","slug":"etusivu","status":"publish","type":"page","link":"https:\/\/phr-tuotteet.com\/","title":{"rendered":"Etusivu"},"content":{"rendered":"\n<div class=\"wp-block-cover aligncenter is-light has-text-color has-link-color wp-elements-f94c1fd10b66bf5b8fae18e9086d34d2\" style=\"color:#3fbfbf\"><span aria-hidden=\"true\" class=\"wp-block-cover__background has-background-dim-20 has-background-dim\"><\/span><img loading=\"lazy\" decoding=\"async\" width=\"1024\" height=\"768\" class=\"wp-block-cover__image-background wp-image-7\" alt=\"\" src=\"https:\/\/phr-tuotteet.com\/wp-content\/uploads\/2021\/01\/286038598-1024x768.jpg\" data-object-fit=\"cover\" srcset=\"https:\/\/phr-tuotteet.com\/wp-content\/uploads\/2021\/01\/286038598-1024x768.jpg 1024w, https:\/\/phr-tuotteet.com\/wp-content\/uploads\/2021\/01\/286038598-300x225.jpg 300w, https:\/\/phr-tuotteet.com\/wp-content\/uploads\/2021\/01\/286038598-768x576.jpg 768w, https:\/\/phr-tuotteet.com\/wp-content\/uploads\/2021\/01\/286038598.jpg 1123w\" sizes=\"auto, (max-width: 1024px) 100vw, 1024px\" \/><div class=\"wp-block-cover__inner-container is-layout-flow wp-block-cover-is-layout-flow\">\n<p class=\"has-text-align-center\" style=\"font-size:60px\"><strong>PHR-Tuotteet Oy<\/strong><\/p>\n<\/div><\/div>\n\n\n\n<h2 class=\"wp-block-heading has-black-color has-text-color\"><span style=\"text-decoration: underline;\"><strong>Perheyritys<\/strong><\/span><\/h2>\n\n\n<div class=\"wp-block-image is-resized is-style-default\">\n<figure class=\"alignright size-large\"><img loading=\"lazy\" decoding=\"async\" width=\"1024\" height=\"738\" src=\"https:\/\/phr-tuotteet.com\/wp-content\/uploads\/2021\/02\/img-20200317-104353-1024x738.jpg\" alt=\"\" class=\"wp-image-157\" style=\"aspect-ratio:1.2948073701842546;object-fit:contain;width:750px;height:auto\" srcset=\"https:\/\/phr-tuotteet.com\/wp-content\/uploads\/2021\/02\/img-20200317-104353-1024x738.jpg 1024w, https:\/\/phr-tuotteet.com\/wp-content\/uploads\/2021\/02\/img-20200317-104353-300x216.jpg 300w, https:\/\/phr-tuotteet.com\/wp-content\/uploads\/2021\/02\/img-20200317-104353-768x553.jpg 768w, https:\/\/phr-tuotteet.com\/wp-content\/uploads\/2021\/02\/img-20200317-104353.jpg 1066w\" sizes=\"auto, (max-width: 1024px) 100vw, 1024px\" \/><figcaption class=\"wp-element-caption\">PHR-tuotteet oy:n toimitusjohtaja Mikko Apajainen esittelee viimeisimpi\u00e4 tuoteryhmi\u00e4\/toimittajia: <br>* Lukkan -liukulasij\u00e4rjestelm\u00e4t ja lasikaiteet<br>* Pamel Oy:n kaapistojen rungot ja kalusteovet.<\/figcaption><\/figure>\n<\/div>\n\n\n<p>Perheyrityksemme on perustettu 1993. Ensimm\u00e4iset vuosikymmenet toimitimme asiakkaillemme vain itse valmistamiamme tuotteita eli puuikkunoita ja -ovia. 2000-luvun edetess\u00e4 maailma muuttui nopeasti. Ikkuna-asiakkaat alkoivat enenev\u00e4ss\u00e4 m\u00e4\u00e4rin kysy\u00e4 alumiiniulkopintaisia ikkunoita ja oviasiakkaat alumiinij\u00e4ykisteisi\u00e4 ulko-ovia. Niin meid\u00e4nkin oli aika alkaa etsi\u00e4 yhteisty\u00f6kumppaneita, jotka kyseisi\u00e4 tuotteita valmistivat.<\/p>\n\n\n\n<p>Vuoden 2014 alussa olimme saaneet luotua yhteisty\u00f6verkoston, jossa oli mukana niin tuotteiden valmistajia kuin niiden asentajiakin. Silloin aloitimme my\u00f6s muiden valmistajien tekemien tuotteiden toimituksen. T\u00e4ss\u00e4 vaiheessa my\u00f6s yrityksemme nimi muuntui PHR-tuotteet oy:ksi.<\/p>\n\n\n\n<p>T\u00e4m\u00e4n j\u00e4lkeen tuotevalikoimamme on kasvanut useilla tuotteilla, joita asiakkaamme ovat meilt\u00e4 pyyt\u00e4neet, ja joiden olemme katsoneet tukevan meid\u00e4n jo olemassa olevia tuoteperheit\u00e4mme. Mukaan ovat tulleet mm. Lukkan-liukulasij\u00e4rjestelm\u00e4t ja Yale-\u00e4lylukot. Pamel Oy:n kaapistojen rungot ja kalusteovet. Olemme my\u00f6s rakentaneet kalusteiden toimitukseen liittyvien tuotteiden toimittajista yhteisty\u00f6verkoston, joiden kautta hankimme vetimet, kivitasot, kodinkoneet ym. tarvikkeet. Kun suunnittelet ikkuna-\/oviremonttia, kuistin lasitusta, keitti\u00f6n uusimista tai jotakin muuta vastaavaa remonttia, niin ota rohkeasti yhteytt\u00e4. Autamme sinua suunnittelussa ja toimitamme sinulle juuri sellaiset tuotteet kuin sin\u00e4 haluat. Keitti\u00f6iden avaimet k\u00e4teen toimitusta tukevat my\u00f6s paikallinen putki- ja s\u00e4hk\u00f6liike, joiden kanssa yhteisty\u00f6 sujuu vaivattomasti.<\/p>\n\n\n\n<hr class=\"wp-block-separator has-text-color has-css-opacity has-background is-style-wide\" style=\"background-color:#3fbfbf;color:#3fbfbf\"\/>\n\n\n\n<h2 class=\"wp-block-heading has-text-align-center\"><span style=\"text-decoration: underline;\"><strong>Tuotteet<\/strong><\/span><\/h2>\n\n\n\n<div class=\"wp-block-columns is-layout-flex wp-container-core-columns-is-layout-9d6595d7 wp-block-columns-is-layout-flex\">\n<div class=\"wp-block-column is-layout-flow wp-block-column-is-layout-flow\">\n<figure class=\"wp-block-image size-full is-resized is-style-rounded\"><img loading=\"lazy\" decoding=\"async\" width=\"130\" height=\"215\" src=\"https:\/\/phr-tuotteet.com\/wp-content\/uploads\/2021\/02\/kuva006-1-e1612203992309.jpg\" alt=\"\" class=\"wp-image-187\" style=\"object-fit:cover;width:240px;height:240px\"\/><figcaption class=\"wp-element-caption\"><strong>Ikkunat<\/strong><br>*Puuikkunat<br>*Puualumiini-ikkunat<\/figcaption><\/figure>\n<\/div>\n\n\n\n<div class=\"wp-block-column is-layout-flow wp-block-column-is-layout-flow\">\n<figure class=\"wp-block-image size-full is-resized is-style-rounded\"><img loading=\"lazy\" decoding=\"async\" width=\"375\" height=\"341\" src=\"https:\/\/phr-tuotteet.com\/wp-content\/uploads\/2021\/02\/ResizerImage300X273-1.jpg\" alt=\"\" class=\"wp-image-246\" style=\"object-fit:cover;width:240px;height:240px\" srcset=\"https:\/\/phr-tuotteet.com\/wp-content\/uploads\/2021\/02\/ResizerImage300X273-1.jpg 375w, https:\/\/phr-tuotteet.com\/wp-content\/uploads\/2021\/02\/ResizerImage300X273-1-300x273.jpg 300w\" sizes=\"auto, (max-width: 375px) 100vw, 375px\" \/><figcaption class=\"wp-element-caption\"><strong>Ovet<\/strong><br>*Puuovet<br>*Alumiinij\u00e4ykisteiset ulko-ovet<\/figcaption><\/figure>\n<\/div>\n\n\n\n<div class=\"wp-block-column is-layout-flow wp-block-column-is-layout-flow\">\n<figure class=\"wp-block-image size-large is-resized is-style-rounded\"><img loading=\"lazy\" decoding=\"async\" width=\"683\" height=\"1024\" src=\"https:\/\/phr-tuotteet.com\/wp-content\/uploads\/2021\/02\/DSC_0643-1-683x1024.jpg\" alt=\"\" class=\"wp-image-439\" style=\"object-fit:cover;width:240px;height:240px\" srcset=\"https:\/\/phr-tuotteet.com\/wp-content\/uploads\/2021\/02\/DSC_0643-1-683x1024.jpg 683w, https:\/\/phr-tuotteet.com\/wp-content\/uploads\/2021\/02\/DSC_0643-1-200x300.jpg 200w, https:\/\/phr-tuotteet.com\/wp-content\/uploads\/2021\/02\/DSC_0643-1-768x1152.jpg 768w, https:\/\/phr-tuotteet.com\/wp-content\/uploads\/2021\/02\/DSC_0643-1-1024x1536.jpg 1024w, https:\/\/phr-tuotteet.com\/wp-content\/uploads\/2021\/02\/DSC_0643-1-1365x2048.jpg 1365w, https:\/\/phr-tuotteet.com\/wp-content\/uploads\/2021\/02\/DSC_0643-1-scaled.jpg 1707w\" sizes=\"auto, (max-width: 683px) 100vw, 683px\" \/><figcaption class=\"wp-element-caption\"><strong>Keitti\u00f6ratkaisut<\/strong><br>*Keitti\u00f6asennukset<br>*Keitti\u00f6kalusteet<\/figcaption><\/figure>\n<\/div>\n\n\n\n<div class=\"wp-block-column is-layout-flow wp-block-column-is-layout-flow\">\n<figure class=\"wp-block-image size-large is-resized is-style-rounded\"><img loading=\"lazy\" decoding=\"async\" width=\"1024\" height=\"1024\" src=\"https:\/\/phr-tuotteet.com\/wp-content\/uploads\/2021\/02\/elena-elena-y-dcCVG7UJU-unsplash-edited-1024x1024.jpg\" alt=\"\" class=\"wp-image-256\" style=\"object-fit:cover;width:240px;height:240px\" srcset=\"https:\/\/phr-tuotteet.com\/wp-content\/uploads\/2021\/02\/elena-elena-y-dcCVG7UJU-unsplash-edited-1024x1024.jpg 1024w, https:\/\/phr-tuotteet.com\/wp-content\/uploads\/2021\/02\/elena-elena-y-dcCVG7UJU-unsplash-edited-300x300.jpg 300w, https:\/\/phr-tuotteet.com\/wp-content\/uploads\/2021\/02\/elena-elena-y-dcCVG7UJU-unsplash-edited-150x150.jpg 150w, https:\/\/phr-tuotteet.com\/wp-content\/uploads\/2021\/02\/elena-elena-y-dcCVG7UJU-unsplash-edited-768x767.jpg 768w, https:\/\/phr-tuotteet.com\/wp-content\/uploads\/2021\/02\/elena-elena-y-dcCVG7UJU-unsplash-edited-1536x1534.jpg 1536w, https:\/\/phr-tuotteet.com\/wp-content\/uploads\/2021\/02\/elena-elena-y-dcCVG7UJU-unsplash-edited-2048x2045.jpg 2048w\" sizes=\"auto, (max-width: 1024px) 100vw, 1024px\" \/><figcaption class=\"wp-element-caption\"><strong>Oheistuotteet<\/strong><br>*Hyttysverkot ja -ovet<br>*S\u00e4lekaihtimet<br>*Lasit<br>*Helat<br>*Tiivisteet ym.<\/figcaption><\/figure>\n<\/div>\n<\/div>\n\n\n\n<hr class=\"wp-block-separator has-text-color has-css-opacity has-background is-style-wide\" style=\"background-color:#3fbfbf;color:#3fbfbf\"\/>\n\n\n\n<h2 class=\"wp-block-heading has-text-align-center\"><strong><span style=\"text-decoration: underline;\">Palvelut<\/span><\/strong><\/h2>\n\n\n\n<p class=\"has-text-align-right\">K\u00e4ymme paikan p\u00e4\u00e4ll\u00e4 mittaamassa, suunnittelemassa niin ikkunat, ovet, kalusteet, liukulasit kuin my\u00f6s oheistarvikkeet. Asennamme my\u00f6s tarvittaessa toimittamamme tuotteet. Teemme my\u00f6s erilaisia huolto- ja korjaust\u00f6it\u00e4 esim. lasinvaihdot, maalaukset, tiivisteiden vaihdot, helojen vaihdot ym.<\/p>\n\n\n\n<div class=\"wp-block-group is-horizontal is-content-justification-left is-nowrap is-layout-flex wp-container-core-group-is-layout-e0598304 wp-block-group-is-layout-flex\">\n<hr class=\"wp-block-separator has-text-color has-css-opacity has-background is-style-wide\" style=\"background-color:#3fbfbf;color:#3fbfbf\"\/>\n<\/div>\n\n\n\n<div style=\"background-color:#c5eeee;text-align:center\" class=\"wp-block-atomic-blocks-ab-cta ab-block-cta\"><div class=\"ab-cta-content\"><h2 class=\"ab-cta-title ab-font-size-32\" style=\"color:#000000\">Pyyd\u00e4 tarjous tai j\u00e4t\u00e4 yhteydenottopyynt\u00f6<\/h2><div class=\"ab-cta-text ab-font-size-32\" style=\"color:#000000\"><\/div><\/div><div class=\"ab-cta-button\"><a href=\"https:\/\/phr-tuotteet.com\/index.php\/yhteystiedot\/\" target=\"_self\" rel=\"noopener noreferrer\" class=\"ab-button ab-button-shape-rounded ab-button-size-large\" style=\"color:#ffffff;background-color:#3fbfbf\">Yhteydenotto<\/a><\/div><\/div>\n","protected":false},"excerpt":{"rendered":"<p>Perheyritys Perheyrityksemme on perustettu 1993. Ensimm\u00e4iset vuosikymmenet toimitimme asiakkaillemme vain itse valmistamiamme tuotteita eli puuikkunoita ja -ovia. 2000-luvun edetess\u00e4 maailma muuttui nopeasti. Ikkuna-asiakkaat alkoivat enenev\u00e4ss\u00e4 m\u00e4\u00e4rin kysy\u00e4 alumiiniulkopintaisia ikkunoita ja oviasiakkaat alumiinij\u00e4ykisteisi\u00e4 ulko-ovia. Niin meid\u00e4nkin oli aika alkaa etsi\u00e4 yhteisty\u00f6kumppaneita, jotka kyseisi\u00e4 tuotteita valmistivat. Vuoden 2014 alussa olimme saaneet luotua yhteisty\u00f6verkoston, jossa oli mukana niin &#8230; <a title=\"Etusivu\" class=\"read-more\" href=\"https:\/\/phr-tuotteet.com\/\" aria-label=\"Lue lis\u00e4\u00e4 aiheesta Etusivu\">Lue lis\u00e4\u00e4<\/a><\/p>\n","protected":false},"author":1,"featured_media":0,"parent":0,"menu_order":0,"comment_status":"closed","ping_status":"closed","template":"","meta":{"footnotes":""},"class_list":["post-201","page","type-page","status-publish"],"featured_image_src":null,"featured_image_src_square":null,"_links":{"self":[{"href":"https:\/\/phr-tuotteet.com\/index.php\/wp-json\/wp\/v2\/pages\/201","targetHints":{"allow":["GET"]}}],"collection":[{"href":"https:\/\/phr-tuotteet.com\/index.php\/wp-json\/wp\/v2\/pages"}],"about":[{"href":"https:\/\/phr-tuotteet.com\/index.php\/wp-json\/wp\/v2\/types\/page"}],"author":[{"embeddable":true,"href":"https:\/\/phr-tuotteet.com\/index.php\/wp-json\/wp\/v2\/users\/1"}],"replies":[{"embeddable":true,"href":"https:\/\/phr-tuotteet.com\/index.php\/wp-json\/wp\/v2\/comments?post=201"}],"version-history":[{"count":42,"href":"https:\/\/phr-tuotteet.com\/index.php\/wp-json\/wp\/v2\/pages\/201\/revisions"}],"predecessor-version":[{"id":755,"href":"https:\/\/phr-tuotteet.com\/index.php\/wp-json\/wp\/v2\/pages\/201\/revisions\/755"}],"wp:attachment":[{"href":"https:\/\/phr-tuotteet.com\/index.php\/wp-json\/wp\/v2\/media?parent=201"}],"curies":[{"name":"wp","href":"https:\/\/api.w.org\/{rel}","templated":true}]}}